What are the prime factors of o?
5, 17
Suppose 2*u - 4*s = 296, 2*u + s - 282 = -2*s. Let w = 6 + -2. Suppose 288 = w*f - 3*d, -2*f + 4*f - d = u. What are the prime factors of f?
2, 3
Let w = -422 - -425. Suppose -p = -n - 5*p + 1740, -5180 = -w*n - 2*p. List the prime factors of n.
2, 431
Suppose 17*n + 61*n - 138230 = 32*n. List the prime factors of n.
5, 601
Suppose 19*a - 153694 - 2258 = 0. List the prime factors of a.
2, 3, 19
Suppose -17*h - 83 = -2*c - 14*h, -2*h - 178 = -4*c. Suppose 3*r + c = 34, j - 189 = r. What are the prime factors of j?
5, 37
List the prime factors of (4 - 8 - -3)*(-5531 - 10).
3, 1847
Let q be (-2 - 1)*(-6 - 932/(-12)). List the prime factors of 502/(-5)*q/86.
251
Suppose f - 15 - 15 = 0. Let l = f - 28. Suppose 185 = l*s + 3*s. List the prime factors of s.
37
Suppose 3*r + 6 = -81. Let i = r - -161. What are the prime factors of i?
2, 3, 11
Let a = -64 + 194. Suppose 2*o = -10, -3*s + 4*o - a = -6*s. Let f = s - -34. What are the prime factors of f?
2, 3, 7
Let n = -48 + 16587. What are the prime factors of n?
3, 37, 149
Let k(h) = 7*h**2 + 54*h - 12. List the prime factors of k(-39).
3, 2843
Let g(t) = -58*t**2 - 2*t - 9. Let c be g(4). Let i = -197 - c. List the prime factors of i.
2, 11, 17
Let c be (-9)/(-7) - 4/14. Let o(h) = 31*h**2 - 4. Let v(i) = 187*i**2 - i - 25. Let r(x) = 13*o(x) - 2*v(x). List the prime factors of r(c).
29
Suppose -36 = -4*h + 2*z, -h + 3*z = -16 + 2. Suppose h*b = b - 14. List the prime factors of (-1672)/(-28) + b/(-7).
2, 3, 5
List the prime factors of (1 + 70384/2)/(483/322).
2, 11731
Let q = -7161 + 11399. What are the prime factors of q?
2, 13, 163
Suppose -1045 = 90*w - 85*w. Let p = w + 270. List the prime factors of p.
61
Let i be (6 - (-2 + 46))*-8. Suppose 424 = 7*c - i. List the prime factors of c.
2, 13
List the prime factors of (-217252)/(-6) + -43*37/(-4773).
36209
Let z(b) = 2*b**3 - 36*b**2 + 4*b + 3. Let k be z(18). What are the prime factors of (-3)/2*(-50)/k - -1332?
31, 43
Let f(i) be the second derivative of 3*i**3/2 + 23*i**2/2 - 2*i + 66. Let o be ((-10)/15)/(4/(-30)). What are the prime factors of f(o)?
2, 17
Let s = 36363 - 21369. What are the prime factors of s?
2, 3, 7, 17
Suppose 0 = -3*z + 4*n + 14294, 66*z - n + 19103 = 70*z. What are the prime factors of z?
2, 7, 11, 31
Let i be (12/(-2) - 11462)/(-2). Suppose -2*n + 2288 = -t, -2*n = 3*n + t - i. List the prime factors of n.
2, 3, 191
Suppose 38248 = 22*x + 3*x + 3*x. What are the prime factors of x?
2, 683
Let m(f) = f + 2. Let k be m(3). Suppose -k*g + 26 - 1 = 0. Suppose -g*y + 68 = -162. What are the prime factors of y?
2, 23
Let l(j) = j**3 - 13*j**2 - 21*j - 6. Let n be l(15). Suppose 4*i + 132 = -0*i + 4*g, -g = 4*i + 127. Let a = n + i. List the prime factors of a.
97
Suppose -5*h - 5 = -2*v, 0*v = 4*v - h + 17. What are the prime factors of v/(4*2/(-456))?
3, 5, 19
Let y = -36 - -184. Let f = y + -134. What are the prime factors of f?
2, 7
Let k(l) = 9*l + 7. Let z be k(-29). Let p = -76 - z. List the prime factors of p.
2, 89
Suppose 0 = 7*j - 220 + 136. List the prime factors of (-6)/(-9) - (0 + (-1996)/j).
167
Let q be 13/65 + (-39)/(-5). Suppose q*o - 2 - 110 = 0. What are the prime factors of o?
2, 7
Suppose -2353 = -2*u + 3*k, -5*u + 5*k = -0*k - 5885. Suppose 208 = -5*v + u. List the prime factors of v.
2, 97
Let o(q) be the second derivative of q**4/6 - 4*q**3 + 37*q**2/2 + 446*q. Let y = -22 + 38. List the prime factors of o(y).
3, 5, 11
Let g(c) = c**2 - 22*c - 131. Let d be g(27). Suppose x + f - 957 = -0*x, 0 = x - d*f - 982. What are the prime factors of x?
2, 13, 37
Let f be (11385/(-6))/3*(-12)/5. Let s = f + -951. List the prime factors of s.
3, 7
Let c = -47 - -54. Suppose -3130 = -c*j - 323. What are the prime factors of j?
401
Let t(i) = 3*i**2 + 11*i + 7. Let g be t(-3). List the prime factors of (1860/8 - -3)/(g/2).
3, 157
Suppose -199*x = -68*x - 1275231 - 1904401. What are the prime factors of x?
2, 37, 41
Let h be 19 + (-2 - -3 - 0)*3. Let m(g) = 4*g**2 - 71*g - 29. What are the prime factors of m(h)?
3, 5, 23
Suppose 3*t = 4*c + 25873, 8651 = t - 0*t + 4*c. What are the prime factors of t?
3, 7, 137
Suppose r - h = 1965, -2*h - 850 = 2*r - 4772. What are the prime factors of r?
13, 151
Let h(x) = -65*x + 20. Suppose 5*i + 12 = p, -5*i = -4*p + 5*p + 18. What are the prime factors of h(i)?
5, 43
Let k be 82/26 - (-62)/(-403). Suppose -2*v = -4*y - 6, -k*y - 7 + 22 = 0. Suppose v + 63 = d. List the prime factors of d.
2, 19
Let d(b) = 490*b + 529. List the prime factors of d(31).
11, 1429
Let l = -1041 - -1084. Let c be -1 - (69*2)/(-2). Let a = c - l. List the prime factors of a.
5
Suppose -5*h + 941 = 21. Suppose -3*t = -h + 730. Let p = 263 + t. List the prime factors of p.
3
Let h(y) = 766*y**3 + y**2 + 2*y - 3. Let w be h(1). Suppose 1172 = 3*j - 4*s, 2*j - w = -5*s - 0*s. List the prime factors of j.
2, 97
Let b = -16 - -16. Suppose 3*r - 12 = -b*r. What are the prime factors of 4/16 - (-195)/r?
7
Suppose -205*l = -215*l - 150. What are the prime factors of (l/(-6))/((-8)/(-16)) - -1852?
3, 619
Let i(p) = -93 + 84*p - 2*p - 204*p. What are the prime factors of i(-11)?
1249
Let s be (88 + -65)/(-1 - 34/(-32)). Suppose 0 = -3*b + 2*l + s, 3*l = -5*b - l + 650. List the prime factors of b.
2, 3, 7
Let b(h) = -h**2 + 2*h + 1. Let r be b(1). Suppose 4*z - 15 = z - r*d, 0 = -4*d + 12. What are the prime factors of ((-5)/(-10))/(z/84)?
2, 7
Let s(k) = 256*k**2 - 3*k + 3. Let a be s(-3). Suppose 231*i - a = 225*i. List the prime factors of i.
2, 193
Suppose 28*q - 1160512 = -q - 59846. What are the prime factors of q?
2, 7, 2711
Let c = 14574 - 5303. What are the prime factors of c?
73, 127
Suppose 2*m = f - 52184, 46*f - 40*f - 5*m = 313118. List the prime factors of f.
2, 3, 4349
What are the prime factors of (252/(-56))/((-9)/28290)?
3, 5, 23, 41
Let g = 191 + -284. Let p = g + 185. List the prime factors of p.
2, 23
Let y(m) = 2*m**2 + 13*m - 106. Let f be y(-20). Suppose 18*i = 16*i + b + f, 5*b = 0. List the prime factors of i.
7, 31
Suppose -25909 = 34*h - 140183. List the prime factors of h.
3361
Let c(t) = -t**2 - 18*t + 25. Let o be 13 + 1 + (-3 - (3 + -8)). Let v(x) = x**2 - 18*x + 17. Let m be v(o). List the prime factors of c(m).
2, 5, 7
Suppose 3*p + 105 + 27 = 0. List the prime factors of (-17)/((-2)/28*(-22)/p).
2, 7, 17
Let r(a) = 31*a**2 + 5*a + 3. Suppose 0 = 2*w - 4*p + 12, 18 = -5*w - 4*p + 2*p. List the prime factors of r(w).
479
Suppose 61*j + 23981 - 185570 = 0. What are the prime factors of j?
3, 883
Suppose 21088 = 163*q - 158*q - 2*g, 3*g = 5*q - 21092. List the prime factors of q.
2, 17, 31
Let t = 749 + -740. Suppose t*x + 13076 = 16*x. What are the prime factors of x?
2, 467
Let a(i) = i**3 + 22*i**2 + 14*i - 35. Let q = -292 - -284. What are the prime factors of a(q)?
7, 107
Let h(x) be the second derivative of -7*x**3/6 + 23*x**2 + 14*x. Let s be h(-15). Let r = -55 + s. What are the prime factors of r?
2, 3
Let v(s) = 192*s**2 + 153*s + 602. What are the prime factors of v(-4)?
2, 1531
Let v be 1/(63/170 + (-2)/5). Let g = v + -11. Let d = 113 + g. List the prime factors of d.
2, 17
Let v = 6296 + 5227. What are the prime factors of v?
3, 23, 167
Let s(h) = h**3 - 33*h**2 + 42*h - 48. Let i be s(33). List the prime factors of i/8*20/5 + 6.
3, 5
Suppose -7*j + 110157 = 10834. List the prime factors of j.
7, 2027
Let w(d) = -d**3 + 2*d**2 + 4*d + 1. Let v be w(3). Let p be ((-11)/44)/(2/16). List the prime factors of -5*((-11 - p) + v).
5
Let g(p) = 9*p**3 - 10*p**2 + 2*p - 9. Let j(k) = 5*k**3 - 5*k**2 + k - 4. Let x(l) = -3*g(l) + 5*j(l). What are the prime factors of x(-4)?
3, 73
Suppose 4*t + 0*c = 2*c, 3*c = -5*t. Suppose 4*a - 4*r = -250 - 114, -3*a + 4*r - 278 = t. What are the prime factors of (a/(-1))/((-20)/(-10))?
43
Suppose -5*g - 20 = 0, 0 = -4*k - g + 172714 - 9906. List the prime factors of k.
13, 31, 101
Let o = 38 - 32. Suppose 410 = r + 3*w, -o = 2*w - 12. What are the prime factors of r?
401
Let k(g) = 1312*g**2 - 118*g - 246. What are the prime factors of k(-2)?
2, 3, 97
What are the prime factors of (-10)/20 - -19135*(-3)/(-6)?
3, 1063
Let s(p) = p**3 - 21*p**2 - 21*p - 28. Let c be s(22). Let x(t) = -88*t - 36. 